et u(s) = 4*s**3 - 8*s**2 + 8*s + 6. Let b(y) = -3*y**3 + 7*y**2 - 8*y - 6. Let n(w) = -5*b(w) - 4*u(w). List the prime factors of n(-5).
2
Suppose -x - 4*q = -306, x - 29*q - 324 = -24*q. List the prime factors of x.
2, 157
Let q be 5/(60/(-16))*(4 + -1). Let u(m) = 5*m**2 - 5*m. What are the prime factors of u(q)?
2, 5
Let x = -729 + 5172. What are the prime factors of x?
3, 1481
Let n be (-2 - -6) + 2/(-1). Suppose n*q + 0 = 10. Suppose -c + 3*r + 3 = -6, q*c - 3*r - 21 = 0. What are the prime factors of c?
3
Suppose 15*u - 19210 - 9860 = 0. What are the prime factors of u?
2, 3, 17, 19
Let m be (-2)/1 - (3 + 15). Let d be (-72)/m - (-4)/10. Let r = d - -12. What are the prime factors of r?
2
Let r = -288 - -502. List the prime factors of r.
2, 107
Let d(g) = 4*g + 3. Let i be d(0). Suppose 318 = i*q - 0*q. List the prime factors of q.
2, 53
Suppose v - 30 = -4*v. Let t(g) = -g + 11. Let c be t(v). Suppose l - 2 = c. What are the prime factors of l?
7
Let u(i) = 10*i + 3. Let v(f) = f**2 - 4*f + 5. Let b be v(4). List the prime factors of u(b).
53
Let y(v) = -9*v**3 - v**2 - 2*v. Let b be y(-2). Let d be 6/(b/(-15))*4. Let s(a) = -2*a + 1. What are the prime factors of s(d)?
11
Suppose -2*h - 14 = -2*j - 2*j, 5*h = -3*j + 30. Suppose -5*o = -h*o - 14. Suppose -105 = 2*m - o*m. List the prime factors of m.
3, 7
Let i be 2/30*3 - (-4842)/15. Let l = i + -151. List the prime factors of l.
2, 43
Suppose 0 = 3*f - 266 - 583. What are the prime factors of f?
283
Let k = -66 + 113. What are the prime factors of k?
47
Let t(z) = z. Let m(o) = -17*o + 5. Let j(b) = -m(b) + 6*t(b). What are the prime factors of j(3)?
2
Suppose 8*p + 13 - 5 = 0. List the prime factors of (-198)/(2/p) - (0 - 3).
2, 3, 17
Let v(r) = -2*r**3 - 7*r**2 - 6*r - 5. Let p(w) = w**2 - 21*w + 26. Let k be p(19). Let t be k/8*24/9. What are the prime factors of v(t)?
5, 7
Let r be -24*((-70)/(-21))/(-10). Let g(l) be the first derivative of l**3/3 - 4*l**2 + 18*l + 2. List the prime factors of g(r).
2, 3
Let m(k) = -2*k**3 - 15*k**2 - 10*k + 69. List the prime factors of m(-10).
3, 223
Suppose 791 = 66*y - 59*y. List the prime factors of y.
113
Let y(o) = o**3 - 11*o**2 + 9. Let n be y(11). Let r be n/(-2) + 3/(-2). What are the prime factors of r/(1/3*-2)?
3
Let a(h) = 21*h - 39. Let r(c) = -c**2 + 11*c + 7. Let j be r(11). What are the prime factors of a(j)?
2, 3
Let n(u) = -3*u - 15. Let h be n(-8). Suppose -z + 17 = -3*r, 3*r - 2*z = -28 + h. What are the prime factors of 5/((-16)/r + -3)?
5
Let v = -5 - -8. Let x(q) = -3*q**3 - 11*q + 4*q**3 + 4*q**2 + v*q**2 - 8 - q**2. List the prime factors of x(-7).
2, 5
Let p = -1271 + 2020. List the prime factors of p.
7, 107
Let d be (2/(-6) - 190/(-30)) + -1. Suppose a - 17*w - 316 = -16*w, -d*a + 1553 = 4*w. List the prime factors of a.
313
What are the prime factors of 3 - (957/(-9))/((-2)/(-6))?
2, 7, 23
Suppose -4*s + 0*s + 2364 = -4*j, 2*s + 5*j - 1182 = 0. What are the prime factors of s?
3, 197
Suppose 6*t + 19 = -5. Let n = -1 - t. List the prime factors of n.
3
Let v be 4 + 40/(-5) - -26. Let c = v + -19. What are the prime factors of c?
3
Let m(k) = -4*k + 295. What are the prime factors of m(42)?
127
Let y = 5 - -233. Suppose 142 = 4*x - y. List the prime factors of x.
5, 19
Let f = -1929 + 3325. What are the prime factors of f?
2, 349
Suppose -6*g = -2*g + 4*v + 8, -3*g - 4*v - 7 = 0. List the prime factors of g + 33 + -1*(7 - 5).
2, 3, 5
Let u(r) = -6*r**3 - 7*r**2 - 23*r. List the prime factors of u(-6).
2, 3, 197
What are the prime factors of (846 + 0)*(40/(-30))/(-2)?
2, 3, 47
Suppose 5*l + 4 + 1 = 0. List the prime factors of -4 + (66 + -2 - l).
61
Let j = -12 - -202. Let v be (3 + -3)/3 + 2 + 0. Suppose -32 = v*l - j. List the prime factors of l.
79
Let n(c) = -c - 6. Let v be n(-7). Let t be (0 + v - 3)*2. What are the prime factors of t/(-16) + 158/8?
2, 5
Suppose u - 8*u = -1911. Suppose -5*g + 112 = -u. List the prime factors of g.
7, 11
Suppose f = 3*f - 16. Suppose 56 = 4*x + f. Suppose 0 = 4*c + x, 19 = 4*w + 3*c - 80. List the prime factors of w.
3
Let g(k) = 5 - k**2 + 2*k + 5 - 2. Let c be g(-6). What are the prime factors of 2/(-3 + c/(-13))?
2, 13
Let m = -496 - -1154. What are the prime factors of m?
2, 7, 47
Let j be (3 - 0)/(6/(-16)). List the prime factors of 591/2 + j/(-16).
2, 37
Suppose -98 = -3*m + 4*n, 3*n = 3*m - 5*m + 71. Suppose 2*t + 8*p - 10 = 9*p, 16 = -4*p. Suppose u = t*u - m. What are the prime factors of u?
17
Let p(y) = 5*y - 1. Let d(x) = -2*x - 7. Let w be d(0). Let f be p(w). Let a = f - -61. What are the prime factors of a?
5
Let c = -587 - -684. List the prime factors of c.
97
Let z(h) = -h**3 - 4*h**2 - 7*h - 13. Suppose 0 = -12*w - 19 - 41. What are the prime factors of z(w)?
47
Let y(q) = -q + 15. Let a be 6/(-3) + 0 + 5. Suppose -8 = -r - 2*l, -r + 32 = a*r - 3*l. List the prime factors of y(r).
7
Suppose 3*f + 1495 = 2*k - 72, -2*k + 2*f + 1568 = 0. List the prime factors of k.
5, 157
Let o(q) = 34*q**3 - 5*q**2 - 9*q + 35. List the prime factors of o(4).
5, 419
Let o = 180 - 127. Suppose -w + 140 = -o. What are the prime factors of w?
193
Suppose 59 = -b + f, -3*b = -4*f + 112 + 68. What are the prime factors of 2*(3 - 4) - b?
2, 3
Let o = -77 + 166. Let j = -18 + o. What are the prime factors of j?
71
Suppose 34*s - n - 2017 = 29*s, 4*n = -8. What are the prime factors of s?
13, 31
What are the prime factors of 7 + 12/(-6)*7845/(-6)?
2, 3, 19, 23
Let y(u) be the third derivative of -u**7/2520 + 11*u**6/720 - u**5/15 + 6*u**2. Let d(z) be the third derivative of y(z). List the prime factors of d(-12).
5, 7
Let g(n) = 9*n**3 - 3*n**2 + 4*n + 2. Let a be g(2). Suppose a + 5 = 5*u. List the prime factors of u.
3, 5
Suppose 0*n - 3*n + 135 = 0. Let m(x) = x. Let g be m(-7). Let h = n - g. What are the prime factors of h?
2, 13
Let n(y) = 2*y**3 + 34*y**2 - 6*y + 46. What are the prime factors of n(-16)?
2, 3, 109
Let z be -2*8/20 + 249/5. Suppose z*m = 45*m + 632. What are the prime factors of m?
2, 79
Let v = -48 - -50. Suppose -236 = -3*l - 0*l + v*n, -2*n + 232 = 3*l. List the prime factors of l.
2, 3, 13
Let l(i) = -i**3 + 4*i**2 - 4*i + 6. Let r be l(3). Suppose -37 + 126 = 2*x + r*c, -c = 3. What are the prime factors of x?
7
Let u be ((-12)/30)/(2/(-40)). Suppose -u*a = -3*a - 20. What are the prime factors of a?
2
Let y(o) = o**2 - 13*o - 7. Suppose -12 = 6*z + 24. What are the prime factors of y(z)?
107
Suppose 140 = f + b - 174, -4*b - 949 = -3*f. List the prime factors of f.
3, 5, 7
List the prime factors of 531/72*-6*-44.
3, 11, 59
Let l = -118 + 63. Let h = 72 + l. List the prime factors of h.
17
Suppose -5*b = -f - 13, -4*f = -0*f + 4*b - 20. Suppose f*p = -3*p + 15. Let v(x) = 2*x**2 + 7. List the prime factors of v(p).
5
Suppose 3*n = s + 309, -65 - 38 = -n - 2*s. Suppose -59 = -3*k + n. List the prime factors of k.
2, 3
Let h(c) = 103*c - 2. Let m be h(1). Let q be 1/(2 - m/51). Let r = -16 + q. What are the prime factors of r?
5, 7
Let b(p) = -21*p + 79. What are the prime factors of b(-6)?
5, 41
Let y = 375 - -342. List the prime factors of y.
3, 239
Let p(h) = -h**3 - 12*h**2 + 9*h - 6. Let u be p(-13). Let a = u + 3. What are the prime factors of a?
7
Let v be (-44)/(-8)*2 - -1. Let p(d) = -8*d + 14. Let z be p(v). What are the prime factors of (z/5)/((-14)/35)?
41
Suppose -56*x = -53*x - 1515. List the prime factors of x.
5, 101
Let l(v) = -v**3 - 9*v**2 + 58*v + 16. What are the prime factors of l(-18)?
2, 59
Let g(f) = 22*f + 101. List the prime factors of g(14).
409
Let c = -688 - -2577. List the prime factors of c.
1889
Suppose 1517*n = 1533*n - 19584. What are the prime factors of n?
2, 3, 17
Let f(h) = -h + 14. Let c be f(18). List the prime factors of 0 + 26 + c + 3.
5
Suppose 7*i - 544 = 1150. What are the prime factors of i?
2, 11
What are the prime factors of (2 - (-11 + 1))*(-1484)/(-56)?
2, 3, 53
Let i(b) = b**3 + 17*b**2 + 18*b + 22. Let s be i(-16). Let p(w) = w**3 + 9*w**2 - 18*w - 2. List the prime factors of p(s).
2, 3, 13
Suppose -2*y = 3*d - 7*y + 17, -4*d + 5*y = 16. Let w(o) = 13*o**2 + 2*o - 1. List the prime factors of w(d).
2, 7
Suppose 2*q + 397 = g, -324 = -2*g - 5*q + 497. What are the prime factors of g?
13, 31
Suppose -j 